base 4, what is -30 + -3?
-33
In base 11, what is 5 + 143?
148
In base 11, what is -1 + -a8?
-a9
In base 13, what is 1 - 239?
-238
In base 10, what is 0 - 70?
-70
In base 8, what is -20 - 5?
-25
In base 4, what is -3 - -130030?
130021
In base 12, what is 50 + -1a7?
-157
In base 10, what is -2 + 11?
9
In base 4, what is 20 - -11?
31
In base 13, what is 63 - -16?
79
In base 7, what is 1 - 102?
-101
In base 7, what is -30 - 6?
-36
In base 15, what is 4 - 14b6?
-14b2
In base 7, what is -104 - -153?
46
In base 8, what is -5 + -2?
-7
In base 5, what is 10 - -123?
133
In base 11, what is 0 + -50?
-50
In base 9, what is -14 - 120?
-134
In base 13, what is -17 - -3?
-14
In base 8, what is 231 - 1?
230
In base 2, what is 11 - 1001101011111?
-1001101011100
In base 14, what is -39 + 17?
-22
In base 13, what is 2 - 5?
-3
In base 11, what is -180 + 5?
-176
In base 6, what is -32001 + -1?
-32002
In base 3, what is -10102021 - 0?
-10102021
In base 10, what is 3 + -559?
-556
In base 3, what is 2 + -220210?
-220201
In base 5, what is 34320 - -3?
34323
In base 8, what is -10654 - -4?
-10650
In base 10, what is 1 + 1744?
1745
In base 2, what is 1101010101 + -1?
1101010100
In base 2, what is 1101100101 + -10101?
1101010000
In base 10, what is -4 - 1?
-5
In base 4, what is -11 - 11201?
-11212
In base 9, what is 0 + -2321?
-2321
In base 13, what is -3 - -b6?
b3
In base 10, what is 5 + -1786?
-1781
In base 4, what is 122330 + -3?
122321
In base 14, what is -c - -2?
-a
In base 7, what is -4 - -1213?
1206
In base 2, what is -101011 + -110?
-110001
In base 16, what is d + 266?
273
In base 12, what is 5 - -12?
17
In base 11, what is -4 + 14?
10
In base 15, what is e - 0?
e
In base 3, what is -212100 + -101?
-212201
In base 14, what is -3 + -166?
-169
In base 6, what is -204 + -13?
-221
In base 2, what is -111110001 - 10?
-111110011
In base 4, what is -332 + 11?
-321
In base 12, what is 3 - -4a?
51
In base 10, what is -558 - 3?
-561
In base 16, what is -10 + -1cb?
-1db
In base 14, what is -2 - -15?
13
In base 11, what is 1 - -a85?
a86
In base 9, what is -13 - -25?
12
In base 4, what is 11 + 1032112?
1032123
In base 11, what is 597 + 2?
599
In base 8, what is 6 - -103?
111
In base 2, what is 10 + -100101111010?
-100101111000
In base 13, what is -5 + 15?
10
In base 2, what is -1001 + 11001111?
11000110
In base 11, what is 3 + 220?
223
In base 4, what is 2 + -233333?
-233331
In base 13, what is 2a + -c1?
-94
In base 13, what is -1644 - 5?
-1649
In base 5, what is -22031 + -14?
-22100
In base 11, what is -1608 - 3?
-1610
In base 3, what is -2 - -101010?
101001
In base 9, what is 301 + -8?
282
In base 5, what is -33 - -411?
323
In base 7, what is -34 + -14?
-51
In base 4, what is -331 - 220?
-1211
In base 3, what is 1201 + 21010?
22211
In base 13, what is 2b + -9?
22
In base 16, what is -2 - 59?
-5b
In base 4, what is 3010 + -230?
2120
In base 8, what is 0 - -1375?
1375
In base 4, what is 11032 + 0?
11032
In base 16, what is -4d - -6?
-47
In base 7, what is -11143 - -1?
-11142
In base 4, what is 1011 - -131?
1202
In base 4, what is -23 - 210?
-233
In base 10, what is -2056 + 1?
-2055
In base 13, what is 1 + 25c?
260
In base 4, what is 210 - 0?
210
In base 11, what is -338 + 2?
-336
In base 3, what is 1121 - -1?
1122
In base 8, what is -1 + 14257?
14256
In base 12, what is 2251 + 1?
2252
In base 5, what is -201 + -113?
-314
In base 12, what is -10 + 5?
-7
In base 12, what is 2 + -173b?
-1739
In base 4, what is 3 + 212?
221
In base 14, what is -2 - 2972?
-2974
In base 12, what is -7243 - 0?
-7243
In base 7, what is -4 - 213?
-220
In base 7, what is -244 + 4?
-240
In base 14, what is -5 + 12d5?
12d0
In base 5, what is 2 - -333?
340
In base 8, what is 1 + 35?
36
In base 2, what is 10111111011 + 11?
10111111110
In base 10, what is 9 + 36?
45
In base 14, what is -16 + 538?
522
In base 8, what is 135 - 6?
127
In base 15, what is -6 - 406?
-40c
In base 6, what is -5 + -32?
-41
In base 15, what is 205c - 1?
205b
In base 14, what is 1417 - -1?
1418
In base 8, what is -502 + 1?
-501
In base 4, what is -132 + 100?
-32
In base 7, what is 5411 - 2?
5406
In base 8, what is 0 + 30?
30
In base 4, what is -203 - -100?
-103
In base 11, what is 1557 + -3?
1554
In base 16, what is -1 + -17?
-18
In base 8, what is -4 - 172?
-176
In base 13, what is -15 - -18?
3
In base 13, what is -3646 + -2?
-3648
In base 9, what is -3822 - 2?
-3824
In base 12, what is -5a + 7?
-53
In base 4, what is 11021 + 111?
11132
In base 10, what is 6 - 24?
-18
In base 7, what is 4 - -311?
315
In base 15, what is 1d8 - 8?
1d0
In base 6, what is 2 - 1030?
-1024
In base 3, what is 2210 + 12?
2222
In base 4, what is 1033 + -102?
331
In base 9, what is 823 - -4?
827
In base 9, what is 1 + 41?
42
In base 6, what is -5 + 4531?
4522
In base 3, what is -21 - 2?
-100
In base 7, what is 32 + -154?
-122
In base 12, what is 2 + -399b?
-3999
In base 9, what is -4 - 14?
-18
In base 9, what is -38 + -60?
-108
In base 11, what is 4 + 46?
4a
In base 7, what is 1053 - -14?
1100
In base 4, what is 0 + 33230?
33230
In base 5, what is 3 + 40111?
40114
In base 13, what is -7 - 10c?
-116
In base 11, what is 6785 + -4?
6781
In base 15, what is 4 - 8?
-4
In base 11, what is 320 - 4?
317
In base 13, what is -5 + -b63?
-b68
In base 10, what is -368 - -3?
-365
In base 12, what is -3 - -32?
2b
In base 2, what is -10100 + -1010?
-11110
In base 13, what is -1806 - 1?
-1807
In base 8, what is 23242 - 1?
23241
In base 8, what is -2 - -5332?
5330
In base 16, what is 164 + 5?
169
In base 12, what is 7 + a?
15
In base 16, what is 96 + 5?
9b
In base 11, what is -a6 - 5?
-100
In base 2, what is -1000100001 + 10?
-1000011111
In base 8, what is -16 - -115?
77
In base 8, what is -2 + 15?
13
In base 3, what is 1100 - -20?
1120
In base 12, what is 2 - 20?
-1a
In base 12, what is -11 + 1?
-10
In base 13, what is -134 + -6?
-13a
In base 6, what is -435 + -3?
-442
In base 14, what is 12a + -8?
122
In base 11, what is -123a - -8?
-1232
In base 15, what is 3a + -34?
6
In base 10, what is 848 + -1?
847
In base 4, what is 2011 + 1003?
3020
In base 4, what is 3 + -10321?
-10312
In base 2, what is -10100101 - 1000100?
-11101001
In base 12, what is -1 - 11a3?
-11a4
In base 4, what is -1312 - -20?
-1232
In base 10, what is -2 - 142?
-144
In base 7, what is -206 + -4?
-213
In base 7, what is 0 - 6243?
-6243
In base 16, what is 5 - 42?
-3d
In base 5, what is 0 + 1031?
1031
In base 7, what is -20 + -1?
-21
In base 2, what is -100100111001 - -110?
-100100110011
In base 4, what is 3 + -22313?
-22310
In base 14, what is 4 - 43?
-3d
In base 8, what is -3 - 247?
-252
In base 15, what is -24 + -c?
-31
In base 9, what is 5 - 4005?
-4000
In base 14, what is -23 - 6?
-29
In base 13, what is 696 - -1?
697
In base 8, what is -376 + 12?
-364
In base 14, what is 25 - -3?
28
In base 4, what is -3 - -12323?
12320
In base 16, what is -3161 - -3?
-315e
In base 5, what is 234 + 40?
324
In base 13, what is 3b80 + 2?
3b82
In base 13, what is -4 + 69?
65
In base 12, what is -1bb1 + -8?
-1bb9
In base 5, what is -42 - 0?
-42
In base 13, what is -1 - -16?
15
In base 15, what is 102 + 5?
107
In base 15, what is 8 - 6?
2
In base 12, what is -2 - 30a?
-310
In base 7, what is -30 + 55?
25
In base 14, what is 20 + 3?
23
In base 4, what is -21 + -1?
-22
In base 15, what is -1bc - a?
-1c7
In base 13, what is 0 - -54?
54
In base 6, what is -2252 + 0?
-2252
In base 9, what is 5 + 68?
74
In base 8, what is -36 - 63?
-121
In base 2, what is -100110111111 - -10?
-100110111101
In base 15, what is 3 + b?
e
In base 4, what is -120 + 1302?
1122
In base 11, what is -1 + -69?
-6a
In base 4, what is 2 + 121?
123
In base 14, what is 1 + 9?
a
In base 10, what is 394 - -1?
395
In base 13, what is -8 + 117?
10c
In base 14, what is b9 + 20?
d9
In base 15, what is -d4 - 1?
-d5
In base 3, what is 10012 + -10?
10002
In base 10, what is 368 + -14?
354
In base 6, what is 301 + 43?
344
In base 12, what is -33 + -b?
-42
In base 4, what is 2 + 31212?
31220
In base 14, what is 418 + -5?
413
In base 15, what is ec - 5?
e7
In base 10, what is -5 - 75?
-80
In base 16, what is 3730 - 5?
372b
In base 3, what is -10222200 + -12?
-10222212
In base 10, what is 143 - 6?
137
In base 9, what is 114 + -11?
103
In base 6, what is 2 + 1055?
1101